e t = -i + 95 - 93. Let x(w) = -w**2 + 5*w - 2. Give x(i).
4
Let z(i) be the second derivative of 0 + 1/8*i**4 + 15*i - 1/360*i**6 - 1/15*i**5 + 0*i**2 - 3*i**3. Let d(a) be the second derivative of z(a). What is d(-9)?
-6
Let h = -5 - -8. Let f be 25/20*(2 - (-10)/5). Let u(l) = 205 + 2*l**2 + 2*l**2 - 207 + l**h - f*l. Give u(-4).
18
Let q(b) be the second derivative of -29*b**3/6 - 3*b**2/2 - 5*b + 48. What is q(1)?
-32
Let s(k) = 2*k**2 + 3*k. Suppose w - 3146 = 3*l - 0*w, 2*w - 5242 = 5*l. Let y be (-10)/4*15/(l/(-112)). Determine s(y).
20
Let v(q) be the first derivative of -q**3/3 + 21*q**2/2 - 6*q + 256. Give v(20).
14
Let l = -146 + 150. Let k = 0 + -5. Let t(r) = -3*r**3 - 6*r**2 - 19*r + 5. Let f(d) = -d**3 - 3*d**2 - 9*d + 3. Let b(v) = k*f(v) + 2*t(v). What is b(l)?
7
Let m = 4358 - 4373. Let f(s) = s - 1. Give f(m).
-16
Let y(k) = 2*k**2 + 30*k + 3. Suppose 0 = b - 29*t + 30*t + 6, -13*b = -2*t + 168. Give y(b).
-69
Let d(u) be the first derivative of u**3 + u**2 - 2*u - 1. Suppose 4*f - 868 = -3*b, 0*b - 590 = -2*b + 3*f. Let n = 289 - b. Calculate d(n).
19
Let l(r) = r**3 + 14*r**2 + 11*r - 12. Let q = 1396 - 1409. What is l(q)?
14
Let i(o) = 7*o**3 - o**2 + 1. Let j = -32 - -36. Suppose j*z = d - 6 + 3, -2*z - 2*d = 4. What is i(z)?
-7
Let d(q) = q**3 - 5*q**2 - 7*q + 2. Let h(m) = -m**2 + 184 + 0*m**2 - 57 + 11*m + 59. Let j be h(-9). Give d(j).
-4
Let d(m) = -25*m + 47. Let b be d(-30). Let w = 790 - b. Let c(o) = o**2 + 8*o + 7. Determine c(w).
0
Let z(h) = -h - 1. Suppose 10*j = 3*j + 294. Suppose j + 42 = -2*r. Let m = r - -48. What is z(m)?
-7
Let t(s) = -s**3 - 6*s**2 + 18*s - 7. Let w be t(-9). Let b(v) = -w*v + 31*v + 22*v + 24*v. Give b(-4).
-12
Let y = 180 - -129. Let o = y + -310. Let k(x) = 7*x**2 - 3*x - 2. What is k(o)?
8
Let t = 53 - 52. Suppose -t = w - n, 2*n = -5*w + 6*n - 1. Let y(g) = 4*g - 4 + 2 + w + 1. Give y(-3).
-10
Let l(q) = 63*q - 11. Let i(w) = 142*w - 24. Let y(p) = 4*i(p) - 9*l(p). Suppose 25 = 5*x, 3*z - 3*x + 39 = 15. Determine y(z).
0
Let h(z) = z**2 + 8*z + 5. Let c be h(-11). Suppose -3*a + 74 = -2*u, 2*u = -3*a + 2*a + c. Let k = a + -23. Let t(f) = -f**2 + 4*f + 4. What is t(k)?
-1
Let z(r) = 10*r + 114. Let l be z(-11). Let y(a) = l + a**2 - 13*a - 9 - 7 + 21. Determine y(12).
-3
Let y(x) = 14*x**3 - 2*x**2 + 3*x - 2. Let q(m) = -335*m + 1341. Let i be q(4). Calculate y(i).
13
Suppose -208*v = -182*v + 73 + 57. Let i(w) = -w**2 + 3*w + 41. Calculate i(v).
1
Let m be 4/(-2) - ((-7)/(-14) - 3). Let s(h) be the second derivative of -1/12*h**4 + m*h**2 + 1/3*h**3 - 12*h + 0. Give s(4).
-7
Let c(f) = -f**3 + 22*f**2 - 22*f + 5. Let x(v) = 13*v - 317. Let w be x(26). Give c(w).
-16
Let x(k) be the second derivative of k**5/20 - k**4/2 + 2*k**3/3 - 11*k**2/2 + 698*k. Determine x(6).
13
Let m(g) = -8*g**2 + 1. Let o(t) = 14*t + 2 - 2*t - 2*t. Let u be o(-2). Let k be 2 - (u - -3)/(-5). What is m(k)?
-7
Let x(d) = -5*d - 33. Let r(h) = 3*h + 22. Suppose -9*i + 4*i + 20 = -4*l, -17 = -4*i + 3*l. Let c(f) = i*r(f) + 5*x(f). Give c(13).
-2
Let j(q) = -3*q**2 - q. Let r be (-21)/24*-4*22/1. Suppose -l + r - 76 = 0. Give j(l).
-4
Let l(y) = y**2 - 4. Let s(h) = 4*h**2 + h + 25. Let v(q) = -5*l(q) - s(q). What is v(3)?
-89
Let o(s) = -s**3 - 11*s**2 - 4*s - 10. Let m(x) = -x**2 - 28*x + 2. Let b be m(-27). Suppose 0 = 4*f + 4*t + 23 + b, -3*f - 41 = 4*t. Give o(f).
34
Suppose 84*f = -f + 1779 - 419. Let p(n) = -n**2 + 14*n + 29. What is p(f)?
-3
Let p be -4*(-10)/6*39/(-52). Let n(k) = 2*k + 20. Calculate n(p).
10
Let f(b) = 6 + 94*b - 44493*b**2 - 86*b + 44494*b**2 + 4. Let x be 4/10 - (-476)/35. Suppose 2*g + x = -0. Give f(g).
3
Let i(w) be the second derivative of 10*w - 4/3*w**3 + 1/2*w**2 + 0. Suppose 2*c = -2 - 0. Give i(c).
9
Let b(n) = -2*n**2 + 5*n - 12. Suppose 0 = -1199*f + 1316*f - 351. Determine b(f).
-15
Let c(j) = 17*j - 567. Let l = 19415 - 19382. Calculate c(l).
-6
Suppose 5*x - 23 = -3*s, -5 + 6 = -x + 5*s. Suppose -x*n = -3*y - 12, -4 = -n + 3*y + 8. Let c(m) = -4 + 2*m**3 - 2*m**3 + m**2 - m**3 + m. What is c(n)?
-4
Let o = 0 - 0. Let f(u) = -6*u. Let m(k) = 5*k + 19. Let q be 17/85 - 24/20. Let j(y) = q*m(y) - f(y). Give j(o).
-19
Let k(h) = -h - 3. Let d = 289 - 286. Suppose 5*x + 34 = -4*q, -d*x = -28*q + 25*q + 42. Determine k(x).
7
Let d(i) = 2*i**2 + 7*i + 10. Let m(r) = 2*r**2 + 8*r + 12. Let x(v) = -5*d(v) + 4*m(v). Suppose 3*g = -3*t + 4 - 13, -3*g = 4*t + 8. Calculate x(g).
-22
Let n(x) = 2*x**2 + 468*x + 467*x - 941*x + 3. Determine n(5).
23
Let a(g) = g**2 - g - 5. Let j(b) = -b**2 - 13*b - 35. Suppose -5*s + 4*x = 7*x + 43, -s = -x + 7. Let r be j(s). What is a(r)?
15
Let r be (-60)/25*40/(-16). Let d(l) be the third derivative of l**4/24 - 11*l**3/6 + 4*l**2. Determine d(r).
-5
Let c(g) = -g**2 + 8*g - 6. Let n = 11880 + -11872. Give c(n).
-6
Suppose -6*l - 129 = -3*l. Let i = -40 - l. Let v(c) = 6 - 1 - 4 + i*c - 4*c. Determine v(-4).
5
Let u(s) = s**2 + 11*s + 22. Let l = 39 + -203. Let c = 155 + l. Determine u(c).
4
Suppose 9*z + 15*z = 192. Let p(t) = -t + 3 - t + 4*t + 7*t**3 - 7*t**2 - 5*t - z*t**3. Determine p(-7).
24
Let k(i) = i**3 - 3. Let u(f) = 2*f**3 - 4*f**2 + 12*f - 24. Let p(r) = -k(r) + u(r). Give p(3).
6
Let f(a) = 2*a**3 - 24*a**2 + a. Let x(g) = -1152*g - 6900. Let r be x(-6). What is f(r)?
12
Let t(l) = -8*l + 1. Let f(u) = 2*u**2 - 2*u - 2. Let r be f(2). Suppose -4*s = -2*o - 8, -s + r + 9 = 4*o. Let n be -17 + 18 - o*1. Determine t(n).
9
Let c(s) be the third derivative of 0 + 2*s + 7/24*s**4 + 1/60*s**5 + 22*s**2 - 7/3*s**3. Calculate c(-10).
16
Let l(v) = -v**2 + v - 14. Let p be ((-3)/6 - 1)*(-1 + -15). Let q be (p/9 + 0)*12/8. Suppose 3*b + q*r + 20 = 2*b, -4*r - 20 = 0. What is l(b)?
-14
Let w(g) = -g - 10. Let z(u) = -5*u - 15. Let l(v) = -16*v - 44. Let p(o) = 2*l(o) - 7*z(o). Let f(j) = 4*p(j) + 7*w(j). Give f(4).
18
Let n(b) = -4*b**3 - b**2 - 24*b - 3. Let v be n(0). Let h(t) = -4*t - 30. Calculate h(v).
-18
Let n(j) be the first derivative of -j**4 + 6*j**3 + 21*j**2/2 + 2*j - 8771. Determine n(-1).
3
Let w(r) = 68 + 90*r**2 - 37*r**2 - 26*r**2 - 10*r - 28*r**2 - 35. Calculate w(-7).
54
Let z be (4 + -2 - 2) + (-15)/3. Let a be (z + 6 - -7) + -2 + 1. Let d(b) = -b - 1. Give d(a).
-8
Let l(s) be the second derivative of 7*s**3/6 + s**2 - 1236*s. Determine l(-8).
-54
Let p(v) = v**2 + 1 - 3 + 9*v + 0*v**2 + 0*v**2. Let i = 15 - 42. Let x = 20 + i. Calculate p(x).
-16
Suppose 11 = -w - 9. Let z be (-108*(-4)/8)/2. Let h = w + z. Let v(x) = x**2 - 5*x - 7. Calculate v(h).
7
Let b = -2 - -3. Let p(i) = 8*i**3 - 12*i - 6. Let d = 120 + -122. Let t(f) = -f**3 + 2*f + 1. Let s(o) = d*p(o) - 12*t(o). Determine s(b).
-4
Let l(t) = t**3 + t**2 + 3*t + 10. Let a be (-14 - -9) + (5 + -7 - -3). What is l(a)?
-50
Let a = -46358 - -46353. Let i(d) = -6*d**2 - 35*d + 11. What is i(a)?
36
Let z(w) = 17*w + 19. Let a be 1 + 6 + (212/(-26) - (-18)/117). Give z(a).
2
Suppose -66*x = -88*x - 132. Let g be 7/(-3)*x/(-2). Let s(f) = -f**3 - 6*f**2 + 2*f + 1. What is s(g)?
36
Let f(j) be the second derivative of 15 - 19/2*j**2 - 10*j - 1/3*j**3. Give f(-10).
1
Let f = -620 + 627. Let c be (-2)/((1/f)/(40/140)). Let j(p) = 2*p + 8. Determine j(c).
0
Let n(q) be the first derivative of -q**5/20 - q**4/4 - q**3/2 - 3*q**2/2 - 75*q - 48. Let t(g) be the first derivative of n(g). Calculate t(-3).
6
Let w(m) = m**3 - 4*m**2 - 6*m + 7. Let j(f) = 4 - 2 + 4 - 3*f**2 + 61*f**3 - 5*f - 60*f**3. Suppose 2*l - 14 = -0. Let v(n) = l*j(n) - 6*w(n). What is v(-2)?
2
Let a(l) = 11*l**2 - 54*l - 9. Let c be a(5). Let s(h) = 2*h**2 - 3*h - 9. Determine s(c).
35
Let u(n) = n**3 + 5*n**2 - 3*n - 6. Let b be u(-5). Let c be 7 - (-790)/(-110) - b/11. Let k(v) = -15*v - 1. Give k(c).
14
Let m(h) be the second derivative of h**3/3 - h**2/2 - 461*h + 7. Calculate m(-6).
-13
Let y(r) be the third derivative of -1/6*r**3 + 5*r**2 + 0*r + 1/12*r**4 - 1/30*r**5 + 0. Suppose -c - 3*w - 13 = 0, 2*c + 14 = w + 23. Calculate y(c).
-5
Let o(i) = -3*i**2 + 80*i + 29. Let g be o(27). Let n(t) = -t - 5 + t + t**2 + 3*t + 4 + g*t. What is n(-5)?
-1
Let s(y) be the first derivative of -y**4/4 - y**3 - y**2/2 - 4*y + 2. Suppose -40 + 0 = 5*q. Let t(w) = 2*w + 13. Let b be t(q). Give s(b).
-1
